pose 2*x - 6 = -0*x. Suppose 51 = x*f - 0*f. Let k = 216 - 97. What is the highest common factor of k and f?
17
Suppose 4*b + 14 = -f - 0*b, 3*b + 18 = 3*f. Let u be -4 + 4 + 1 + f. Suppose 5*y - 27 = u. Calculate the highest common factor of y and 9.
3
Let x(r) = 21*r - 7. Let n be x(4). What is the greatest common factor of 11 and n?
11
Suppose 0 = -7*d + 293 + 337. Calculate the highest common divisor of d and 36.
18
Suppose -4 = -v - v. Suppose 5*o = -5*q + 5, 4*o = -q + 6*q + 4. Suppose 0 = -s + 2 - q. Calculate the highest common factor of s and v.
2
Suppose -t - 600 = 4*t. Let o = t - -201. Let l(n) = -n**2 - 8*n - 6. Let h be l(-5). Calculate the greatest common divisor of o and h.
9
Suppose -4*i = -4*f + 20, 20 = -4*f + 8. Let a = i - -17. Let g = -2 + a. Calculate the greatest common divisor of g and 70.
7
Let j(i) = i**2 - 7*i - 15. Let x be j(-5). What is the greatest common factor of 9 and x?
9
Suppose 3*i - 35 = 5*n, 5*i - 3*n = 2*n + 45. Suppose 3*h = -l + h + 208, -i*l + 995 = h. What is the highest common factor of l and 18?
18
Suppose b = h - 5, 0*h + 5*h + 2*b - 60 = 0. Suppose -4*a - 29 = -389. What is the greatest common factor of h and a?
10
Let z = -21 + 71. Suppose -4*w + z = -22. Calculate the highest common factor of w and 54.
18
Suppose 0 = v + 2*v - 48. What is the highest common factor of 4 and v?
4
Suppose -130 = -m - 4*m. What is the highest common factor of 91 and m?
13
Let x(i) = -i**2 - 10*i + 6. Let b be x(-6). Calculate the highest common factor of b and 6.
6
Suppose 72 = 3*i - 0*i. Let o = i - 10. Calculate the highest common divisor of 112 and o.
14
Suppose q = 5*d - 15, q = 6*q + 3*d - 9. Suppose -4*c + 0*c + 44 = q. Calculate the highest common divisor of 33 and c.
11
Suppose -3*i - 5*p = -46, -4*i + 5*p = -0*i - 38. Suppose 0 = -3*q + i, 5*h + 3*q = 5*q + 92. Calculate the highest common divisor of h and 100.
20
Let x = -1 + 1. Suppose 4 = -r - x*r. Let k be (0 - r)*3/6. Calculate the highest common divisor of k and 5.
1
Suppose 0 = -3*a + 4*a - 49. What is the greatest common divisor of a and 49?
49
Let x(f) = 3*f**2 + 8*f - 4. Let h be x(-6). Suppose 5*w - 57 = 13. Calculate the greatest common divisor of w and h.
14
Let d be 2 + 2 - 2/2. Suppose -30 - 54 = d*h. Let y = -15 - h. Calculate the greatest common divisor of 26 and y.
13
Let i = 19 - 11. Let q(n) = -4*n - 4. Let l be q(-6). What is the highest common factor of i and l?
4
Let i(o) = o**2 - 12*o - 19. Let f be i(14). Suppose -4*p + f*p = 10. What is the highest common divisor of 4 and p?
2
Let n(h) = 3*h**3 - 2*h**2 - 3*h + 3. Let u be n(2). Calculate the highest common divisor of 13 and u.
13
Let t = 17 + 18. Let u = t - 25. Calculate the greatest common divisor of 2 and u.
2
Suppose -2*s = -2*l + 20, 4*l + 5*s = 3*s + 34. Calculate the greatest common factor of l and 36.
9
Let o be (-1*70)/(6/(-9)). What is the greatest common divisor of o and 21?
21
Let m = -77 - -196. Suppose -5*d - l + m = 0, 2*l = -2*d + 5*d - 74. What is the highest common factor of d and 8?
8
Suppose 0 = 2*x - 14. Let w = -16 - -30. What is the highest common divisor of w and x?
7
Let f(p) = -3*p - p**2 - 2*p + 8*p**2 - 2 - p**3. Let j be f(6). Suppose -3*b + 6 + 26 = 5*x, j = x. Calculate the highest common divisor of b and 16.
4
Suppose -5*x + 173 = -47. Suppose -3*d + 4 + x = 0. What is the highest common factor of d and 128?
16
Let c(b) = 21*b - 6. Let v be c(6). Let y be (-4)/6 + 292/6. Calculate the highest common factor of y and v.
24
Let w be (-14)/(-1) - (6 - 6). Suppose 5*m - 4*y = 196, -m + 2*y + 58 = w. Calculate the highest common divisor of m and 54.
18
Suppose 0 = -o - 6 - 15. Let b = o + 34. Let x(m) = 21*m - 9. Let s be x(6). Calculate the greatest common divisor of s and b.
13
Let y be (-1)/(-3 + 2) - 0. Let v = y - -7. Suppose -3*w + 2*w = -v. Calculate the greatest common divisor of 40 and w.
8
Let x = 416 + -240. Let q be ((-156)/8)/(-13)*32/3. What is the greatest common divisor of q and x?
16
Suppose 0 = -7*d + 3*d + 76. Calculate the highest common divisor of 133 and d.
19
Let a = -5 - -53. What is the highest common factor of a and 32?
16
Let j be (-120)/(-9)*(-108)/(-30). What is the highest common divisor of j and 16?
16
Let g = -8 + 13. Let p = 3 + 1. Suppose -c - p*c + 65 = 2*y, -4*c + g*y = -85. What is the greatest common divisor of c and 60?
15
Let o = -24 + 46. Let t = 4 + -2. Suppose 315 = 3*m - 3*n, -3*m + 4*n = t*m - 530. Calculate the highest common divisor of m and o.
22
Let b be 1/(-3) + (-3)/(-9). Suppose 0 - 26 = -4*z + 3*c, c = -2. Let x = z - b. What is the highest common divisor of x and 20?
5
Let w(r) = -3*r + r + 2 + 2. Let a be w(3). Let i be (4/6)/a*-21. Calculate the greatest common factor of i and 35.
7
Let v(w) = w**2 + 12*w - 4. Let u be v(-12). Let o = 11 + u. Calculate the highest common factor of 28 and o.
7
Suppose 0 = 9*g - 7*g - 74. Suppose -m + g = 4. Calculate the greatest common factor of m and 99.
33
Let v be (-4)/(-14) - (-584)/14. Let h be (4/(-3))/(13/((-546)/4)). What is the highest common factor of v and h?
14
Let s be 110/(-3) - (-12)/18. Let m be (s/15)/((-3)/70). Calculate the greatest common factor of 7 and m.
7
Suppose -56 = -4*s - 4*c, -3*s - 6*c + 46 = -2*c. Let u(z) = z**2 - z - 2. Let g be u(7). Calculate the highest common divisor of g and s.
10
Let u = 8 - 4. Let c(p) be the third derivative of -p**4/12 + p**3 - 7*p**2. Let v be c(-3). What is the highest common factor of u and v?
4
Let m be 3 + 2 + 24 - 3. What is the highest common factor of 2 and m?
2
Suppose m = 0, k - 3*m + 1 - 11 = 0. Calculate the highest common factor of k and 15.
5
Suppose -18 = -t - 2*t. What is the highest common factor of 18 and t?
6
Suppose -1 = -2*r + 7. Suppose 5*w - 131 - r = 0. Calculate the greatest common factor of 27 and w.
27
Suppose -4*g = -8, -8 = 2*r - 5*r - g. Suppose 2*q - 1 - 5 = -m, q + 12 = 2*m. Let d be (-4)/(-3) - (-4)/m. Calculate the greatest common factor of d and r.
2
Suppose -3*l - l = -60. Let o(k) = k + 9. Let x be o(-4). What is the greatest common divisor of x and l?
5
Let x be 25/9 - (-2)/9. Let b = -420 - -429. What is the highest common factor of x and b?
3
Let w = 162 + 14. Calculate the highest common divisor of 16 and w.
16
Let v be (18/(-4))/((-2)/4). Suppose 4*s + 60 = 3*w, -4*s + 31 = -2*w + 75. Let u be w/(-2 - -6) + 5. What is the greatest common factor of v and u?
9
Let v be (21/9)/(1/15). Let t(y) = 8 + 13 - y - 7. Let j be t(7). What is the highest common divisor of v and j?
7
Suppose -5*d + 33 - 18 = 0. Suppose -d*n = -n - 22. Calculate the highest common divisor of 110 and n.
11
Suppose -4*h = -b - 2*b - 141, -4*b + 120 = 4*h. What is the greatest common factor of h and 3?
3
Let w(d) = d**3 - d**2 + d. Let x be w(1). Let f = 0 + x. Let a = f - -2. Calculate the greatest common divisor of 9 and a.
3
Let o be (-102)/4*(11/(-3) + 3). Calculate the highest common divisor of 153 and o.
17
Let m(c) = -2*c**3 - c**2 + 7*c. Let s be m(-3). Calculate the greatest common factor of 8 and s.
8
Suppose 6*w - 3*w = 3*k - 3, -k = -2*w + 3. Suppose -3*c - 44 = 5*a - 388, w*c + 4*a = 448. Let u = 31 - 19. Calculate the greatest common factor of c and u.
12
Suppose 12 = q + 2*i - i, i + 54 = 5*q. What is the highest common factor of q and 121?
11
Let p(i) be the first derivative of 7*i**2/2 - 4*i + 2. Let l be p(7). Calculate the greatest common factor of l and 15.
15
Suppose -2*l - 28 = 108. Suppose 3*o = z - 59, 0*o + 21 = -o + z. Let j = o - l. What is the greatest common factor of j and 7?
7
Let r = 4 + -4. Suppose 4*j = r, -2*j = 4*p - 0*j - 112. What is the greatest common factor of 42 and p?
14
Suppose 0*g + 5*g - 30 = 0. What is the greatest common divisor of g and 2?
2
Suppose 2*n - 6*n = -400. Suppose 0 = -0*c + 5*c - n. Calculate the greatest common factor of c and 100.
20
Suppose -2*s + 44 = 5*k, -4*s - 2*k + 52 = -k. What is the highest common factor of 96 and s?
12
Let r be (-4)/(-6) + (-26)/(-6). Suppose 0 = 2*y - 27 - 113. Suppose w - 3*w = -y. What is the highest common divisor of w and r?
5
Let n(x) = 53*x**2 + 1. Let p be n(1). Suppose 3*d + 0*d - p = 0. What is the greatest common divisor of 90 and d?
18
Let r = -20 + 16. Let a = -3 - r. Calculate the highest com